26 and i?
13
Let c = 7 + -23. Let r be 2 + -1 - c/8. Suppose 5*t = -5*v, -r*v - 3 = -5*v - t. Calculate the greatest common divisor of 33 and v.
3
Let b be (((-51102)/(-12))/(-17))/(2*(-6)/96). Calculate the highest common factor of 60 and b.
12
Let x be (11/((-22)/16) + -1 + 353)*1. What is the highest common divisor of 8686 and x?
86
Suppose -v = -3*z + 43, 0*z - 3*z + 6*v = -3. What is the greatest common divisor of 7531 and z?
17
Let i(v) = 2*v - 17. Let s be i(10). Suppose m + 4*t = 43, -m - 5*t + s*t = -41. What is the highest common divisor of m and 312?
39
Suppose 12*d + t = 10*d + 13203, -5*t + 32995 = 5*d. What is the highest common factor of 104 and d?
52
Suppose 214*k - 1843 = 4363. What is the highest common divisor of k and 4031?
29
Let a(r) = -225*r**3 + r**2 - 2. Let j = -295 - -294. Let h be a(j). What is the highest common factor of 32 and h?
32
Let l be ((-24)/20)/(6/1460). Let m = 293 + l. What is the greatest common factor of m and 27?
1
Suppose -4*b - 2*m = -18, -m - 15 = -320*b + 318*b. What is the highest common factor of b and 9?
3
Suppose -2*s = 32*s - 102. Suppose 0 = -3*j - 2*w + 62 + 11, s*w + 48 = 3*j. What is the greatest common factor of 6 and j?
3
Let u be (-2 + 10/4)/(5/740). Let w = -33 + u. What is the greatest common divisor of 164 and w?
41
Suppose 596*n - 589*n - 11914 = 0. Suppose 472 = i + 5*y - 379, -2*i + 5*y = -n. Calculate the highest common factor of 23 and i.
23
Let h = 279 + -270. Suppose 5*t = 2*q + 9, 0 = 2*t - 1 - h. Calculate the highest common divisor of 728 and q.
8
Suppose 48*i + 288 = 51*i. Suppose -2*v + i = 2*v. Calculate the greatest common factor of 64 and v.
8
Let i(v) = -v**3 + 3*v**2 - 7*v - 4. Let w be i(-6). Let h = w - 260. Calculate the highest common divisor of 51 and h.
51
Let s be 7*5/35 + 67. Let l be s*(-6)/18*(-6)/4. What is the greatest common factor of 85 and l?
17
Let r = -116 + 113. Let p(k) = -k**3 - 2*k**2 + 2*k + 9. Let b be p(r). What is the highest common factor of b and 30?
6
Suppose -5*y = -5*m - 6865, -29*m + 28*m + 2758 = 2*y. Calculate the greatest common factor of 306 and y.
153
Let l be ((-8037)/(-36) - 2) + 20/(-16). What is the highest common divisor of 407 and l?
11
Let l be (14 - 25)/((-2)/4) + (-4)/(-2). What is the greatest common factor of 393 and l?
3
Suppose -4*v = -2*j + 6*j + 4, -3*j = -5*v + 27. Suppose 0*g + 3 = v*g, 14 = 5*r + 4*g. Let b be (2/1 + -1)*18. What is the greatest common factor of b and r?
2
Let c be (3/10*-4)/(38/(-95)). Suppose 2*q - c*q = -26. Calculate the highest common divisor of q and 286.
26
Suppose -k - 10*k - 88 = 0. Let x = 404 + k. What is the highest common factor of x and 36?
36
Let x = -75 - -78. Suppose 5 - 71 = x*a. Let j(l) = -l**2 - 27*l - 11. Let v be j(a). Calculate the greatest common factor of 66 and v.
33
Suppose -137*q + 3 = -139*q + 15. What is the greatest common divisor of 3246 and q?
6
Suppose -2*n - 2*u = 214, 2*n = 5*u - 0*u - 221. Let l be (n/(-7) + 0)/((-3)/(-21)). What is the highest common factor of 24 and l?
12
Let y = 2686 + -2410. Calculate the highest common factor of 1472 and y.
92
Suppose 294*i = 284*i + 48640. What is the greatest common factor of 76 and i?
76
Let z = -10063 - -10435. Calculate the greatest common divisor of z and 30.
6
Let k(w) = w - 2. Let t(z) = 32*z + 17. Let l(u) = 3*k(u) - t(u). Let x be l(-3). What is the greatest common divisor of x and 8?
8
Suppose -170*u + 276*u = -286*u + 4704. Let a be (-2)/(-6) + 11412/27. Let l = -291 + a. What is the highest common divisor of u and l?
12
Let c(h) = 27 - 27*h - 5*h**2 + 21*h - h**3 + 11*h. Let r be c(-6). What is the highest common factor of 22 and r?
11
Let j(a) = 4*a - 5. Let k be j(5). Let d = k - -67. Calculate the highest common divisor of 41 and d.
41
Let q(w) = -8*w - 5 + 10*w - 6*w. Let g be q(-2). Suppose -g*c + 4 = 16, 4*d = -3*c + 44. What is the greatest common factor of 2 and d?
2
Let c be (63/((-8820)/880))/((-2)/28). Calculate the highest common factor of 256 and c.
8
Let g be (-112)/(-98)*(-4 + 60/8). Suppose 10 = 2*u, -2*n + 3 - 4 = -5*u. Suppose 0 = -g*v + n*v - 48. Calculate the highest common divisor of v and 24.
6
Let f(q) = 13*q**2 + 263*q - 56. Let t be f(-21). Calculate the greatest common factor of 704 and t.
22
Let v(a) = a**3 - 2*a**2 - 10*a + 21. Let r be ((-1)/(6/52))/((-2)/(-12)). Let y = -46 - r. Let l be v(y). Calculate the greatest common divisor of l and 42.
21
Suppose -21434 + 21966 = 14*q. What is the highest common divisor of q and 1501?
19
Let r = 9341 - 1806. Calculate the highest common factor of r and 411.
137
Let r be 64/(-5)*(-14)/21*75. What is the highest common factor of 24 and r?
8
Let m be ((-1)/4)/((-164)/32 - -5). Let c be 8/(-4) - (-4 + m). Suppose 3*b - 9 = c, 0*p + 2*p + 4*b = 102. Calculate the highest common factor of p and 30.
15
Let d(k) = 4*k**2 + 182*k - 106. Let g be d(-47). Suppose -3*t - 3 = 75. Let y = t - -48. Calculate the highest common factor of y and g.
22
Let t = -35 + -101. Let c = -71 - t. Suppose -3*y - 115 = -5*r + 2*y, -y = -3*r + c. Calculate the greatest common factor of r and 7.
7
Suppose 816 = -6*y + 240. Let q be ((-1)/2)/(2/y). Suppose 4*i - q = i. What is the highest common factor of i and 40?
8
Suppose n - 5*i = -i - 9, 0 = -4*n + 2*i + 20. Let v = 81798 - 81371. What is the greatest common factor of n and v?
7
Suppose 12 = -3*c, 20 = -12*b + 9*b - 2*c. Let t be 995/10 + b/8. Let j = -12 + 21. What is the highest common factor of j and t?
9
Suppose t = -15*t + 96. What is the highest common divisor of t and 726?
6
Suppose m + 96 = f, 5*f = 10*m - 11*m + 444. Calculate the highest common divisor of 126 and f.
18
Let o(k) = 3*k**2 - 12*k - 21. Let j be o(7). Let s(z) = 6*z**3 - 2*z**2 + 3*z + 1. Let q be s(3). Calculate the highest common divisor of j and q.
14
Let w be (-2)/2*(-3)/3 - 63. Let l = w - -60. Let r be (33/44)/(l/(-24)). What is the greatest common divisor of r and 3?
3
Suppose -353*j + 350*j - 990 = 0. Let t = 353 + j. What is the highest common divisor of 828 and t?
23
Let f = 906 + -620. Let m = 328 - f. Suppose -4*g + 112 = 4*s, 6*g = 2*g - 2*s + 112. What is the greatest common factor of g and m?
14
Suppose 2*b - 6*b + 28 = 0. Suppose -45 = -5*m + v, -2*m + 0*m - v + 11 = 0. Suppose -m*k = -b*k - 15. What is the greatest common divisor of 120 and k?
15
Let c = -71 + 79. Let r be (8 + ((-2)/(-1) - 6))*2. What is the greatest common factor of c and r?
8
Let j be 3 + 1 + -1 + 62. Suppose -5*h = -5*a - j, -a + 0 + 11 = 2*h. What is the highest common factor of 184 and h?
8
Suppose -9*q + 20*q = 0. Suppose q = 22*t - 15*t - 49. Calculate the greatest common factor of t and 259.
7
Let z be (4 - (385/22 + -11))*936/(-15). Let f(q) = -4*q - 5. Let i be f(-11). Calculate the highest common factor of z and i.
39
Let g = -6174 - -6187. What is the greatest common divisor of g and 5980?
13
Let c be 672/(-72)*2/7*-48. Calculate the highest common factor of 736 and c.
32
Let t(s) = s**3 + 16*s**2 + 27*s + 31. Let h be t(-14). Suppose -4*i - 5 = -h. What is the highest common divisor of i and 95?
5
Suppose 0 = 96*o + 99*o - 206*o + 9361. Let k(t) = 6*t + 1. Let g be k(6). What is the highest common divisor of o and g?
37
Suppose 6*z + 62 + 100 = 0. Let u = -30 - z. Let g be (0/(-3) + -4)*(-15 - u). What is the greatest common factor of g and 32?
16
Suppose -84*m + 62857 = -12491. What is the highest common factor of m and 130?
13
Let f(p) = -32 + 6*p**2 + 0*p**2 + 3*p + 8*p - 5*p**2. Let w be f(6). Calculate the highest common divisor of 70 and w.
70
Suppose b + 10 = u - 4*b, -5*b = -5*u + 30. Suppose -u*r = -15 - 115. What is the greatest common divisor of 26 and r?
26
Let s = -2 - -4. Let p(c) = 6*c + 49. Let r(u) = -u. Let x(a) = -p(a) + 4*r(a). Let m be x(-5). What is the greatest common factor of s and m?
1
Let a be 19/(76/56) - -10. What is the greatest common divisor of 56 and a?
8
Let p = -398 + 386. Let w(v) be the first derivative of v**3/3 + 5*v**2 + 6*v + 1. Let s be w(p). Calculate the highest common factor of s and 40.
10
Let f(v) = 37*v**2 + 3*v + 16. Let w be 12/21*(-28)/(-8) - 5. Let z be f(w). Suppose 3*m - z = -2*m. What is the highest common factor of m and 17?
17
Let s be -100*((-10)/(-2))/(-10). Suppose -148 + 1688 = 